{"id":292,"date":"2022-07-11T15:14:21","date_gmt":"2022-07-11T22:14:21","guid":{"rendered":"https:\/\/www.asesoresqfyb.com\/?post_type=product&#038;p=292"},"modified":"2025-11-15T16:14:47","modified_gmt":"2025-11-15T23:14:47","slug":"protocolo-de-calificacion-de-area-de-almacen-version-impresa","status":"publish","type":"product","link":"https:\/\/www.asesoresqfyb.com\/index.php\/product\/protocolo-de-calificacion-de-area-de-almacen-version-impresa\/","title":{"rendered":"Calificaci\u00f3n de \u00c1rea de Almac\u00e9n"},"content":{"rendered":"<h1><strong>Protocolo para Calificaci\u00f3n de \u00c1rea de Almac\u00e9n<\/strong><\/h1>\n<p>La NOM-059-SSA1-2015 Buenas Pr\u00e1cticas de Fabricaci\u00f3n de Medicamentos, en el Numeral 16 hace obligatorio la calificaci\u00f3n de las Instalaciones para almacenes de medicamentos y dem\u00e1s insumos para la salud, as\u00ed como equipos y validaci\u00f3n de procesos.<\/p>\n<p>Incluye:<br \/>\n-PNO Calificaci\u00f3n de instalaciones, equipos y validaci\u00f3n de procesos<br \/>\n-Protocolo y reporte para calificaci\u00f3n de un \u00e1rea de almac\u00e9n (aprox. 30 hojas)<\/p>\n<p>&nbsp;<\/p>\n<p>-En el protocolo se te indican los datos que deber\u00e1s ajustar dependiendo del tama\u00f1o de tu almac\u00e9n.<br \/>\n&#8211;<strong>Los documentos se env\u00edan en formato word 100% editable, y se env\u00edan por EMAIL<\/strong>.<\/p>\n<p>&nbsp;<\/p>\n<p>LOS DOCUMENTOS DEBER\u00c1N SER ROBUSTECIDO POR EL RESPONSABLE SANITARIO DEL ESTABLECIMIENTO, QUIEN DEBER\u00c1 EJECUTAR EL PROTOCOLO Y GENERAR UN REPORTE CON LA EVIDENCIA OBTENIDA.<\/p>\n<p>&nbsp;<\/p>\n<p>Cualquier duda, no dudes en preguntar.<\/p>\n","protected":false},"excerpt":{"rendered":"<p>PNO de calificaci\u00f3n de \u00e1reas de almacenes de medicamentos y protocolo de ejecuci\u00f3n.<\/p>\n<p><strong>Los documentos se env\u00edan por EMAIL en formato word 100% editable.<\/strong><\/p>\n<p>&nbsp;<\/p>\n","protected":false},"featured_media":293,"comment_status":"open","ping_status":"closed","template":"","meta":{"om_disable_all_campaigns":false,"_monsterinsights_skip_tracking":false,"_monsterinsights_sitenote_active":false,"_monsterinsights_sitenote_note":"","_monsterinsights_sitenote_category":0},"product_brand":[],"product_cat":[36],"product_tag":[39,60,57],"class_list":{"0":"post-292","1":"product","2":"type-product","3":"status-publish","4":"has-post-thumbnail","6":"product_cat-almacen","7":"product_tag-almacen","8":"product_tag-calificacion-de-areas","9":"product_tag-sistema-de-calidad","11":"first","12":"instock","13":"sale","14":"virtual","15":"taxable","16":"purchasable","17":"product-type-simple"},"aioseo_notices":[],"_links":{"self":[{"href":"https:\/\/www.asesoresqfyb.com\/index.php\/wp-json\/wp\/v2\/product\/292","targetHints":{"allow":["GET"]}}],"collection":[{"href":"https:\/\/www.asesoresqfyb.com\/index.php\/wp-json\/wp\/v2\/product"}],"about":[{"href":"https:\/\/www.asesoresqfyb.com\/index.php\/wp-json\/wp\/v2\/types\/product"}],"replies":[{"embeddable":true,"href":"https:\/\/www.asesoresqfyb.com\/index.php\/wp-json\/wp\/v2\/comments?post=292"}],"wp:featuredmedia":[{"embeddable":true,"href":"https:\/\/www.asesoresqfyb.com\/index.php\/wp-json\/wp\/v2\/media\/293"}],"wp:attachment":[{"href":"https:\/\/www.asesoresqfyb.com\/index.php\/wp-json\/wp\/v2\/media?parent=292"}],"wp:term":[{"taxonomy":"product_brand","embeddable":true,"href":"https:\/\/www.asesoresqfyb.com\/index.php\/wp-json\/wp\/v2\/product_brand?post=292"},{"taxonomy":"product_cat","embeddable":true,"href":"https:\/\/www.asesoresqfyb.com\/index.php\/wp-json\/wp\/v2\/product_cat?post=292"},{"taxonomy":"product_tag","embeddable":true,"href":"https:\/\/www.asesoresqfyb.com\/index.php\/wp-json\/wp\/v2\/product_tag?post=292"}],"curies":[{"name":"wp","href":"https:\/\/api.w.org\/{rel}","templated":true}]}}