{"id":284,"date":"2022-07-11T13:28:31","date_gmt":"2022-07-11T20:28:31","guid":{"rendered":"https:\/\/www.asesoresqfyb.com\/?post_type=product&#038;p=284"},"modified":"2025-03-27T13:15:36","modified_gmt":"2025-03-27T20:15:36","slug":"bitacora-de-registro-de-temperatura-y-humedad","status":"publish","type":"product","link":"https:\/\/www.asesoresqfyb.com\/index.php\/product\/bitacora-de-registro-de-temperatura-y-humedad\/","title":{"rendered":"Bit\u00e1cora para Registro de T\u00b0 y %H"},"content":{"rendered":"<p>Bit\u00e1cora para realizar los registros de temperatura y humedad ambiental en farmacias, almacenes de medicamentos y dem\u00e1s establecimientos.<\/p>\n<p>El cap\u00edtulo X del suplemento 6ta edici\u00f3n (manejo y almacenamiento de los insumos para la salud) se\u00f1ala que debe realizarse el registro de la temperatura ambiente del establecimiento cuando menos tres veces al d\u00eda. El registro correspondiente debe indicar la hora y la temperatura, y debe conservarse por lo menos dos a\u00f1os.<\/p>\n<p>&nbsp;<\/p>\n<p>Caracter\u00edsticas de la bit\u00e1cora:<br \/>\n-Engargolado<br \/>\n-Cada p\u00e1gina funciona para el registro de 1 semana (7 d\u00edas).<br \/>\n-El formato esta dise\u00f1ado para que se registre la lectura 3 veces al d\u00eda.<br \/>\n-El formato tiene el espacio para que usted anote el d\u00eda y las horas dependiendo del horario de su establecimiento.<br \/>\n-Folio: la bit\u00e1cora contiene 54 p\u00e1ginas.<br \/>\n-Duraci\u00f3n de 1 a\u00f1o<\/p>\n<p>&nbsp;<\/p>\n<p>Cualquier duda cont\u00e1ctanos.<\/p>\n<p>WhatApp: 2215283194<\/p>\n","protected":false},"excerpt":{"rendered":"<p>&nbsp;<\/p>\n[embed]https:\/\/www.youtube.com\/watch?v=EK3OoHYqo2A[\/embed]\n","protected":false},"featured_media":285,"comment_status":"open","ping_status":"closed","template":"","meta":{"om_disable_all_campaigns":false,"_monsterinsights_skip_tracking":false,"_monsterinsights_sitenote_active":false,"_monsterinsights_sitenote_note":"","_monsterinsights_sitenote_category":0},"product_brand":[],"product_cat":[36,22],"product_tag":[53,54],"class_list":{"0":"post-284","1":"product","2":"type-product","3":"status-publish","4":"has-post-thumbnail","6":"product_cat-almacen","7":"product_cat-farmacia","8":"product_tag-bitacora","9":"product_tag-temperatura-y-humedad","11":"first","12":"outofstock","13":"taxable","14":"shipping-taxable","15":"purchasable","16":"product-type-simple"},"aioseo_notices":[],"_links":{"self":[{"href":"https:\/\/www.asesoresqfyb.com\/index.php\/wp-json\/wp\/v2\/product\/284","targetHints":{"allow":["GET"]}}],"collection":[{"href":"https:\/\/www.asesoresqfyb.com\/index.php\/wp-json\/wp\/v2\/product"}],"about":[{"href":"https:\/\/www.asesoresqfyb.com\/index.php\/wp-json\/wp\/v2\/types\/product"}],"replies":[{"embeddable":true,"href":"https:\/\/www.asesoresqfyb.com\/index.php\/wp-json\/wp\/v2\/comments?post=284"}],"wp:featuredmedia":[{"embeddable":true,"href":"https:\/\/www.asesoresqfyb.com\/index.php\/wp-json\/wp\/v2\/media\/285"}],"wp:attachment":[{"href":"https:\/\/www.asesoresqfyb.com\/index.php\/wp-json\/wp\/v2\/media?parent=284"}],"wp:term":[{"taxonomy":"product_brand","embeddable":true,"href":"https:\/\/www.asesoresqfyb.com\/index.php\/wp-json\/wp\/v2\/product_brand?post=284"},{"taxonomy":"product_cat","embeddable":true,"href":"https:\/\/www.asesoresqfyb.com\/index.php\/wp-json\/wp\/v2\/product_cat?post=284"},{"taxonomy":"product_tag","embeddable":true,"href":"https:\/\/www.asesoresqfyb.com\/index.php\/wp-json\/wp\/v2\/product_tag?post=284"}],"curies":[{"name":"wp","href":"https:\/\/api.w.org\/{rel}","templated":true}]}}